 (-1 + 8/6)*l?
2
Let g(c) be the first derivative of c**3/3 - 3*c**2 - 15*c - 8. Let x be g(10). What is the units digit of (-11 + x)*72/14?
2
Suppose 46 = -5*f + h, 0 = 2*f - h - 4*h + 23. Let c = f - -13. Suppose 4 = c*v, -2*v = 5*o + 3*v - 20. What is the units digit of o?
3
Let t be 22/11 + -2 + -20. Let n = t - -129. Suppose -5*u = 2*r - n, -3*r - 5*u + 196 = -4*u. What is the units digit of r?
7
What is the hundreds digit of 22812/30 - (-12)/20?
7
Let q = 13 + -14. Let i = q + 7. Suppose k - 4*k + i = 0. What is the units digit of k?
2
Let m(g) = -1. Let q(j) = j**3 + 6*j**2 + 1. Let w be q(-6). Let x(u) = 46*u**2 + u + 4. Let r(b) = w*x(b) + 4*m(b). What is the tens digit of r(-1)?
4
Let j = -36 + 40. What is the units digit of (4/(-6))/(j/(-207))*2?
9
Suppose -18*r + 22904 = -3574. What is the thousands digit of r?
1
Suppose 2 = -5*k - d + 52, -4*d - 10 = -k. Let x be ((-48)/20)/((-4)/k). Suppose -p = -x - 34. What is the units digit of p?
0
Suppose 0*g = 2*g + 108. Let o be g/(-15) - 15/25. Let y = o + 8. What is the units digit of y?
1
Suppose -w + 3*w + 5*o = -5, -4*o - 10 = w. Let y(d) = -10*d - w*d + 2 - 2. What is the units digit of y(-1)?
0
Suppose 4*d = 1410 + 290. Suppose -d = -5*q - 0. What is the units digit of q?
5
Let y be -2 + -16*(2 - 1). What is the tens digit of 16/(-72) - 958/y?
5
Let g(k) = k**2 + 4*k - 3. Suppose 20 = -5*x - 0*x - 3*u, 0 = -2*u. Let r be g(x). Let a(s) = -3*s**3 - 5*s**2 - 2*s + 4. What is the tens digit of a(r)?
4
Suppose -37*d = -24*d - 5746. What is the tens digit of d?
4
Let m(t) = 86*t - 47. What is the hundreds digit of m(5)?
3
Suppose -3*f + 0*t = 2*t - 697, 5 = t. What is the tens digit of f?
2
Let f(j) = -12*j + 2. Let d be f(4). Let l(b) = 20*b - 6. Let v be l(-1). Let q = v - d. What is the units digit of q?
0
Let l be 345/7 - 46/161. Let h = l - 42. What is the units digit of h?
7
Let n(f) be the second derivative of -f**4/12 + 17*f**2 - 5*f. Let z be n(0). Suppose -3*h - 4*g + 98 = z, 34 = h - 5*g. What is the tens digit of h?
2
Let h(a) = a**3 + 6*a**2 - a - 7. Let g be h(-6). Let o be (7 + 3 + -3)*g. What is the units digit of 4/14 - 40/o?
6
Let k(s) be the first derivative of -s**2/2 - 5*s - 1. Let j be k(-7). Suppose j*q - 11 = 35. What is the units digit of q?
3
Let p(q) = -20*q - 81. What is the tens digit of p(-23)?
7
Let b(d) = -d + 6. Let a be b(6). Let t(q) = 5*q**3 + 5*q - 11. Let x(v) = -6*v**3 - 6*v + 12. Let l(o) = -5*t(o) - 4*x(o). What is the units digit of l(a)?
7
What is the hundreds digit of 1 - (-2944)/(-3 - -11)?
3
Let z be 911/9 - (190/45 - 4). Let v = z - 41. What is the units digit of v?
0
Suppose 3*l - 3*x - 1719 = 0, 1723 = 3*l - 2*x + 3*x. What is the hundreds digit of l?
5
Let j = -14 + 32. Suppose -3*p - j + 306 = 0. What is the tens digit of p?
9
Suppose -4*h = -2*h + 14. Let j(q) = -q**3 - 8*q**2 - 10*q - 9. What is the units digit of j(h)?
2
Let z(b) = b**3 - 15*b**2 - b + 19. Let x be z(15). Suppose 27 + x = a. Suppose -5*n - a = -91. What is the tens digit of n?
1
Let q(g) = -g**2 - 14*g - 26. Let n be q(-12). Let r(s) = -9*s**3 - 2*s**2 - 2*s - 4. What is the units digit of r(n)?
4
Let s = 15 - -11. Suppose 110 = 3*y + s. What is the tens digit of y?
2
Let h(v) be the third derivative of 0 - 7*v**2 + 1/30*v**5 + 0*v + 0*v**3 - 1/24*v**4 + 1/120*v**6. What is the tens digit of h(2)?
1
Let a(m) = 208*m + 1. Suppose 0 = 17*f - 18*f + 1. What is the units digit of a(f)?
9
Suppose -18*c + 5304 = -6*c. What is the tens digit of c?
4
What is the hundreds digit of ((-69580)/52)/(-7) - (-2)/(-13)?
1
Suppose j - 4*k = -5*k + 491, 473 = j - 5*k. What is the hundreds digit of j?
4
Let a(j) = -6*j - 29. Let w be a(-6). Suppose 4*g - 7 - 1 = 0. Let f = w + g. What is the units digit of f?
9
Suppose -4*z + 129 + 111 = 0. Suppose 4*k - 166 = -2*w + 70, w = -k + z. What is the tens digit of k?
5
Let t(c) = c**2 - 25*c - 279. What is the hundreds digit of t(-51)?
5
Let d be (-35)/(-11) + 6/(-33). Suppose -d*v - v = -220. Let i = -2 + v. What is the tens digit of i?
5
Let b(f) = 175*f - 6. What is the tens digit of b(1)?
6
Let z(m) = m**2 - 8*m + 11. Suppose -3*a + 1 = -8. Suppose r + a*r = 32. What is the tens digit of z(r)?
1
Let n(h) = 4*h + 10. Let k(x) = -2*x - 5. Let m(f) = -5*k(f) - 2*n(f). Let c be m(8). Suppose -3*j + 54 = -c. What is the units digit of j?
5
Let u = 51 - 11. What is the tens digit of 3/(-2)*-1 + 1780/u?
4
Let f(n) = 1 - 18*n + 6 - 9 - 6 - n**2. What is the tens digit of f(-13)?
5
Let p = 23 + 6. Let g be p + 2 + (1 - 0). Let q = 55 - g. What is the tens digit of q?
2
Suppose 4*y = -3*s - 6, 0 = -2*s + 5*s - 4*y - 18. Suppose -4*d - 3*i = -48, -3*d - 17 = -4*d - s*i. What is the units digit of d?
9
Let a be 3/(-9) - 15/9. Let v(r) = r**2 - r - 4. Let g be v(a). Suppose -g*l + 28 = q, -2*l - 3*l - 2*q + 68 = 0. What is the units digit of l?
2
Let d = -435 + 773. What is the units digit of d?
8
Let r be -4 - 0/(-3 + 0). Let l be 39/2 + 6/r. Suppose -l*n = -17*n - 33. What is the units digit of n?
3
Let i = 21 + -1. Suppose -4*l + 12 = -i. What is the units digit of l?
8
Let c be (-24)/9*(-8127)/28. Suppose -30*o = -36*o + c. What is the units digit of o?
9
Suppose 28*w + 1332 = 29*w - y, -2*y + 6 = 0. What is the hundreds digit of w?
3
Let n(k) = 107*k**2 - 22*k + 75. What is the thousands digit of n(4)?
1
Suppose 4*z + 0*z = 8, -2*z + 8 = 4*o. What is the tens digit of 3*183/9*o?
6
Let w = -34 + 6. Let d = 10 + w. Let g = 4 - d. What is the units digit of g?
2
Let k be 2 + -1 + 2 + (-3 - -3). Suppose -k*o - 5 + 308 = 0. What is the hundreds digit of o?
1
Suppose -18*l + 3636 = -12*l. Let q = l + -319. What is the tens digit of q?
8
What is the units digit of (-781 + (5 - (10 + 0)))*-1?
6
What is the tens digit of 291/(2/4*1)?
8
Suppose 0 = 5*r - 20*k + 21*k - 1303, 5*r - 1306 = -2*k. What is the hundreds digit of r?
2
Suppose 4*u - 160 + 40 = 0. Suppose 5*s = -3*f + 160, -s + 4*f + u + 25 = 0. What is the units digit of s?
5
Suppose -7*d + 6 + 15 = 0. Suppose 2*k = d*w + 22, 2*k - 39 - 15 = -5*w. What is the tens digit of k?
1
Let c = -215 + 2451. What is the hundreds digit of c?
2
Suppose z - 5 = -4*z. Let m(p) = 3*p**2 - 2*p**2 - z - p + 8*p**2. What is the tens digit of m(2)?
3
Let p(c) = 57*c**2 - 214*c + 11. What is the thousands digit of p(-7)?
4
Let z(b) = -b**3 + 5*b**2 - 2*b + 2. Let l be z(5). What is the units digit of 36/l*(-6)/3?
9
Let b(n) = 3*n**3 - 8*n**2 - 11*n + 5. What is the tens digit of b(7)?
6
Suppose 29*j + 18*j = 107160. What is the tens digit of j?
8
Suppose -2*u + 1061 = -f, 3*u - 1559 = -188*f + 183*f. What is the units digit of u?
8
Let y be (-4 - -6)*1 + 2. Suppose -4*x + 210 = y*j - 2*j, 3*j = -x + 60. What is the units digit of x?
1
Let d(x) = -5*x**2 - 2*x + 1. Let y be d(1). Let p be (3/y - -1)*8. Suppose -p*u = 3*k - 44 - 17, 0 = -4*k + 5*u + 71. What is the tens digit of k?
1
Suppose 0 = -3*i, j - 4*i - 360 = -40. What is the units digit of j?
0
Let g(k) = -8*k**3 - 3*k**2 - 9*k - 15. Suppose 2*c + 9 = -c. What is the tens digit of g(c)?
0
Let y be 6/(-24) - 511/4. What is the tens digit of y/(-3)*(-12)/(-8)?
6
Let f(y) = y**3 + 5*y**2 - 2*y + 2. Let h be f(-5). Let v = h - 11. What is the tens digit of 30 - (-3 + v) - -4?
3
Suppose 17 - 1 = 4*a. Let l = a + 4. What is the units digit of l?
8
Let o(x) = 5*x**2 - 5*x + 4. Let q be o(9). Suppose -4*s = -8*s + q. What is the tens digit of s?
9
What is the tens digit of 5*-1*14280/(-100)?
1
Let w = -16 - -20. Let k = 83 + w. What is the units digit of k?
7
Suppose 4 = -4*g, 3*g + 437 = 3*z + 4*g. Suppose 2*d = d + z. What is the hundreds digit of d?
1
Let n(h) = -h**2 + 55*h + 75. What is the tens digit of n(31)?
1
Let h(q) = 24*q + 2 - 19*q + 4*q**2 - 6 + 1. Let j be h(4). Suppose 0 = 2*o + 5*c - j, 126 - 15 = 3*o + 4*c. What is the tens digit of o?
3
Let t(p) = p**2 + 9*p - 14. Let l be t(-10). Let j be ((-21)/(-6) + l)*-6. What is the tens digit of -1 + 35 + (1 - j)?
3
Suppose -2*b - 2*d + 78 = -d, 8 = -2*d. Let c = 76 - b. Suppose -3*p = 15, -5*h + p + 15 + c = 0. What is the units digit of h?
9
What is the units digit of -4*(-4)/32*6 - -3055?
8
Let i be (6/(-9))/((-3)/(-144)). Let s = 198 + i. What is the tens digit of s?
6
Let s = -13 - -10. Let x be 1 + 